
6
Suppose 22 = -5*u - 8. Let s(y) = -2*y - 1. What is the units digit of s(u)?
1
Suppose -d + 9 = -4*d. Let q be (-5)/(-2 - -12)*0. What is the tens digit of d - (q + 244)/(-4)?
5
Suppose 86 = 5*r + 3*m, -3*r - 2*m - 12 = -4*r. Suppose 0 = -r*x + 11*x + 180. What is the units digit of x?
6
Let s be (9/6)/(2/4). Suppose -5*b - 128 = -3*f, f = 4*b + 28 + s. What is the units digit of f?
1
Let g = 10 - 8. Suppose g*v + 10 - 20 = 0. Suppose -v*b + 70 = -4*b. What is the tens digit of b?
7
Let i(h) = h**3 + 5*h**2 + 3*h - 1. Let k be i(-4). Let j be k + 1/2*4. Suppose -2*b + 28 = -3*n, -j*b - 2*n + 64 = -6. What is the tens digit of b?
1
Let u(h) = 21*h + 2. Let c be u(4). Suppose 5*z + 9 = -c. Let p = 33 + z. What is the units digit of p?
4
Let g = 1233 - 352. What is the units digit of g?
1
Let z be 8/2 + 4 - 5. Suppose z*y + 568 = 5*p, -2*p + 58 = -2*y - 166. What is the tens digit of p?
1
Suppose 1 = -2*p - 3. Let o = p - -8. What is the units digit of (-38)/o*(-12)/4?
9
Suppose 14*x - 26037 = -4393. What is the units digit of x?
6
Let d = 0 + 24. Suppose 0 = 2*r + d + 8. What is the units digit of (r/3)/(10/(-15))?
8
Suppose 2*p + 10 = 4*k, -3*p - 4*k + 30 = -5. Suppose -4*t + 0*t = 4*l - 48, p*l + 110 = 5*t. What is the tens digit of t?
1
Suppose -900 = -46*m + 34*m. What is the units digit of m?
5
Let t be 0 - 12*3/(-2). Let w = -13 + t. Suppose 2*v = y - 39, 5*y - 180 = -0*v + w*v. What is the tens digit of y?
3
Let s(w) = -28*w + 34. What is the tens digit of s(-5)?
7
Let m(c) = -7*c + 20. Let k be m(-6). Let x = -37 + k. What is the units digit of x?
5
Suppose -4*r = -k + 6*k - 197, -5*r = -2*k - 238. What is the tens digit of r?
4
Let n(b) = -b**2 + 8*b - 9. Let o be n(6). Suppose 0 = o*h - 2*p - 637, -p = 3*p + 20. What is the hundreds digit of h?
2
Let j(v) = 7 - v**3 - 10*v**2 - 5 + 8 + 3*v. Let d be j(-11). Suppose 5*n = -s + d, -3*s = 3*n - 96 + 30. What is the tens digit of n?
1
Suppose 5 = 5*w - 5. What is the units digit of w/(12/(-2))*-24?
8
Let m(l) = -11*l**3 + 5*l**2 - 11*l + 18. What is the hundreds digit of m(-5)?
5
Let f(p) = -p**2 - 19*p - 12. Let y be f(-18). Suppose y*w + 4*w = 2250. What is the tens digit of w?
2
Let y(f) = -f**2 - 19*f - 27. Let c be y(-14). Let d = 104 - c. What is the tens digit of d?
6
Let q(i) = 5*i - i - 3*i + 9. Let f be q(-6). Suppose -u - 40 = -5*y, 2 - 13 = -f*y - 2*u. What is the units digit of y?
7
What is the tens digit of -3 - -11 - (-25400)/25?
2
Let y(n) = -196*n + 13. What is the thousands digit of y(-9)?
1
Let s(r) = -41*r**2 + 14*r + 14. Let u(q) = 27*q**2 - 9*q - 9. Let f(h) = 5*s(h) + 8*u(h). What is the tens digit of f(-2)?
4
Suppose 0 = 5*j - 3 - 7. Suppose 0 = -5*r + 20, -5*t - 12 = j*r - 0. What is the units digit of 68 - ((-4)/1 - t)?
8
Suppose -30 = -24*n + 9*n. What is the units digit of 12 + (4 + -14)/n?
7
Suppose -4*s - 3*r + 25 = 0, -5*s = -0*s + 4*r - 32. Suppose 7*w + 12*w = 14*w. Suppose s*y - 3*y - 34 = w. What is the units digit of y?
4
Suppose 101*y = 97*y + 1032. What is the units digit of y?
8
Let a(q) = -2*q**2 - 43*q - 24. Let g be a(-13). Let y = g + -120. What is the tens digit of y?
7
Let w(h) = -h**3 + 16*h**2 + 2*h + 5. Let y be (-6)/(-14) - (-1488)/(-42). Let p = y - -51. What is the units digit of w(p)?
7
Let z be 57/(-12) - (-2 - 10/(-8)). What is the units digit of z/(16/(-324)) - -3?
4
Suppose 9*w + 338 = 3245. What is the hundreds digit of w?
3
Let h(q) = -q**2 - 34*q + 13. What is the tens digit of h(-11)?
6
Suppose 2*u = 4*c - 814, 17*c + 3*u + 1015 = 22*c. What is the tens digit of c?
0
Suppose -4*d = 4*k, -d = -2*k + d + 8. Suppose -k*x = -0*x - 32. Suppose x = 4*n - 3*n. What is the tens digit of n?
1
Suppose 4*a - 665 - 527 = 0. What is the tens digit of a?
9
Suppose 5*r - 1146 = -4*s, s = r - 4*s - 235. What is the units digit of r?
0
Suppose -15*r + 17872 = -7043. What is the units digit of r?
1
What is the thousands digit of 2 + -8 - 2280/(-2)?
1
Let f = 3397 - 1534. What is the units digit of f?
3
Let b = 12 + -1. Let f = b - 6. What is the units digit of f?
5
Suppose -1759 + 23277 = 29*y. What is the tens digit of y?
4
Let a(y) = 4*y**2 + 5*y - 19. Let v(x) = 5*x**2 + 6*x - 19. Let d(s) = -6*a(s) + 5*v(s). What is the tens digit of d(-13)?
8
Suppose -5*c - 37 + 7 = 0. Let p(v) = -2 - 2*v + 4 + 3. What is the units digit of p(c)?
7
Suppose 2*w = -2*w - 16. Let m be -13 - -24 - (0 - 3). Let o = w + m. What is the tens digit of o?
1
Suppose 3*w + 25 = 4*y - 2*w, -4*w + 6 = 2*y. Let c = 4 + y. Let v(p) = -p + 18. What is the units digit of v(c)?
9
Let a(m) = -m**3 + m**2 - m. Let v be a(0). Suppose 6*b = -v*b + 606. What is the units digit of b?
1
Let s be 1/(1/(-9)) - -1. Let m be (-1)/3 + s/3. What is the tens digit of 34 - (m - (1 + -2))?
3
Let i = -8 + 29. Suppose 4*j = i - 1. Suppose 4*c - 50 + 1 = -j*z, -z = -5*c - 33. What is the units digit of z?
3
Suppose -5*n + 6719 = 3*h, -4481 = -0*h - 2*h - 3*n. What is the tens digit of h?
4
Let c(i) = -9*i - 6. Let r be c(-5). Suppose -r = 7*n - 10*n. What is the tens digit of n?
1
Suppose 5*h = -3*v + 4480, 0*h - 4*h - 4*v = -3592. What is the units digit of h?
3
Suppose -45*b = -41*b - 12. Suppose 0 = -k + 67 - b. What is the units digit of k?
4
Suppose -5*u + 660 = -u. Suppose 57 = 2*g - u. What is the tens digit of g?
1
Suppose 0 = -2*s - 3*f + 7*f + 4, 2*f = -5*s - 38. Let d(t) = t**3 - t**3 + 5*t**2 - 8*t - 6 + t**3. What is the units digit of d(s)?
6
Let q = -55 + 59. Let a(m) = 2*m**3 + 7*m**2 - 6*m + 4. What is the units digit of a(q)?
0
Let g(p) be the second derivative of -p**5/20 - 11*p**4/12 - 3*p**3/2 + 23*p**2/2 - 7*p. What is the tens digit of g(-10)?
1
Let n(h) be the first derivative of h**3 - h**2 - h - 2. Let f be n(3). Suppose -3*y + 1 = -f. What is the units digit of y?
7
Let d(k) = 18*k**3 - k**2 - 16*k + 17. What is the hundreds digit of d(6)?
7
Suppose -13028 = -39*o + 31705. What is the units digit of o?
7
Suppose 4*j - 10771 = -z, -4*z + 13450 = -0*j + 5*j. What is the thousands digit of j?
2
Let n(j) = 73*j**2 - 5*j - 10. What is the hundreds digit of n(-5)?
8
Let f(l) = l**2 + 5*l - 14 - 4*l**2 + 6 + 4*l**2. Suppose 2*x = -77 + 61. What is the tens digit of f(x)?
1
Let g be 8/(-28) - (-926)/7. Suppose 6*k = 3*k + g. What is the units digit of k?
4
Suppose -2*i + 50 - 10 = 0. Suppose -4*c + i = -0*c. Let h = c - -19. What is the units digit of h?
4
What is the units digit of (208 - -3)*(-2)/(-2)?
1
Let f be (-14)/(-3) + (-4)/6. Let w(g) = g**2 + 10*g + 11. Let r be w(-9). Let m = f - r. What is the units digit of m?
2
Let f(m) = m**3 + 6*m**2 + 4*m - 2. Let l = 16 - 16. Suppose -3*r = 2*d - 3*d + 13, l = -3*r + 3*d - 15. What is the units digit of f(r)?
4
Let f(m) = -m**2 + 4*m + 13. Let w be f(0). Suppose -7*c = -15 - w. What is the units digit of c?
4
Let r(s) = 723*s + 22. What is the thousands digit of r(4)?
2
Let g(i) = 28*i**2 - 7*i - 9. Let f be g(-3). Suppose -2*m + x + 516 = 0, -m - 2*x = -4*x - f. What is the hundreds digit of m?
2
Let q = -302 - -823. What is the hundreds digit of q?
5
Let u(p) = -3*p**3 + 3*p - 1. Let d(a) = -a**3 + a. Let h(l) = 2*d(l) - u(l). Let v be h(0). What is the units digit of v*28 - (-2 - -1)?
9
Let u = -127 - -215. What is the tens digit of u?
8
Let u = 5 - 2. Let v = 79 + -67. What is the units digit of (u - -61) + v/3?
8
Suppose -15*d + 7261 = -2234. What is the hundreds digit of d?
6
Let q be (-12)/(-4)*(3 - 2). Suppose o - 3*u - 113 = 0, 0*o - 5*u = -q*o + 319. What is the tens digit of o?
9
Suppose 0 = -98*n + 97*n + 340. What is the hundreds digit of n?
3
Suppose -2*v - i + 709 = 0, 4*i - 355 = -v + 3*i. What is the hundreds digit of v?
3
Let l(q) be the first derivative of q**4/4 + 2*q**3 - 3*q**2/2 - 4*q - 3. Suppose 9 = -7*a - 33. What is the tens digit of l(a)?
1
Let s(c) = -371*c - 219. What is the units digit of s(-12)?
3
Suppose 3*n - 3*y = -75, 2*n + 0*n + 4*y + 74 = 0. What is the units digit of (-2)/2 + (1 + 5 - n)?
4
Suppose r = 5*v + 10, 16 = 4*r - r - v. Suppose 0 = r*p - p - 356. What is the tens digit of p?
8
Suppose -4*g + 1271 = 5*f + 317, 5*f = -3*g + 718. What is the hundreds digit of g?
2
Let p = 138 + -135. What is the units digit of (0 - -1)/((-1)/(-136)) - p?
3
What is the units digit of (-21)/(